est common factor of 6321 and 100233.
903
Calculate the greatest common divisor of 900020 and 275.
55
Calculate the highest common factor of 6515 and 15.
5
Calculate the greatest common factor of 10070 and 4560.
190
Calculate the highest common divisor of 560 and 98224.
112
What is the greatest common divisor of 31465 and 350?
35
Calculate the greatest common factor of 59 and 615193.
59
Calculate the greatest common factor of 390 and 1506102.
78
Calculate the highest common factor of 81695 and 5.
5
What is the highest common divisor of 6244 and 42?
14
What is the highest common divisor of 6830064 and 16?
16
Calculate the highest common factor of 135 and 29754.
27
Calculate the highest common divisor of 108 and 80325.
27
Calculate the greatest common factor of 60 and 102876.
12
What is the greatest common factor of 561 and 31779?
33
Calculate the highest common divisor of 24 and 885696.
24
Calculate the greatest common divisor of 148392 and 72.
72
What is the highest common factor of 75671 and 124?
31
Calculate the highest common divisor of 182608 and 904.
904
What is the highest common divisor of 1168 and 26645?
73
Calculate the greatest common factor of 132253 and 484.
121
Calculate the highest common divisor of 142488 and 72.
72
Calculate the greatest common divisor of 84 and 17073.
21
Calculate the greatest common factor of 11270 and 2205.
245
Calculate the highest common factor of 192225 and 2796.
699
What is the greatest common factor of 338 and 2818?
2
What is the highest common factor of 203 and 865186?
203
Calculate the highest common divisor of 285 and 65340.
15
What is the greatest common divisor of 10285 and 550?
55
Calculate the highest common factor of 1062375 and 225.
75
What is the highest common divisor of 1121 and 95?
19
Calculate the greatest common divisor of 8992 and 496246.
562
What is the greatest common factor of 9263528 and 232?
232
Calculate the greatest common divisor of 22 and 143748.
22
What is the highest common divisor of 74902 and 1054?
34
What is the highest common factor of 124542 and 765?
153
Calculate the greatest common divisor of 15 and 6515220.
15
Calculate the greatest common factor of 5360 and 2800.
80
Calculate the greatest common divisor of 11570 and 460.
10
What is the highest common divisor of 550 and 14993?
11
Calculate the highest common factor of 252 and 21987.
63
What is the greatest common divisor of 73105 and 40?
5
What is the highest common factor of 3717 and 25473?
21
What is the greatest common factor of 8037 and 16591?
47
Calculate the greatest common divisor of 7353 and 3762285.
2451
What is the greatest common factor of 1972 and 73892?
116
Calculate the greatest common divisor of 7637 and 564047.
1091
What is the greatest common factor of 716166 and 22?
22
Calculate the greatest common divisor of 2563 and 149586.
233
What is the highest common factor of 1482 and 7125?
57
Calculate the highest common divisor of 10 and 543800.
10
Calculate the greatest common factor of 188300 and 35.
35
Calculate the highest common factor of 214 and 86563.
107
What is the highest common factor of 165886 and 1904?
238
Calculate the greatest common divisor of 12313 and 35.
7
What is the highest common divisor of 272 and 6307?
17
Calculate the greatest common factor of 22695 and 5695.
85
Calculate the greatest common factor of 135718 and 62.
62
Calculate the highest common factor of 3366160 and 40.
40
Calculate the highest common divisor of 101706 and 33.
33
Calculate the greatest common divisor of 362898 and 1.
1
What is the highest common factor of 10795 and 1020?
85
Calculate the greatest common divisor of 10447 and 1348.
337
What is the highest common factor of 509 and 502383?
509
What is the greatest common divisor of 28 and 6299?
1
Calculate the greatest common divisor of 3675 and 931.
49
Calculate the greatest common divisor of 43 and 1924379.
43
Calculate the highest common factor of 9072 and 1568.
112
Calculate the greatest common factor of 1566 and 139896.
522
What is the highest common divisor of 12960 and 85680?
720
What is the greatest common divisor of 118513 and 775?
31
What is the greatest common divisor of 32784 and 3?
3
What is the highest common divisor of 227527 and 2369?
103
Calculate the greatest common factor of 61 and 1902163.
61
Calculate the greatest common divisor of 51 and 19.
1
What is the greatest common factor of 30 and 128210?
10
Calculate the greatest common divisor of 885887 and 2108.
527
Calculate the greatest common divisor of 181 and 6811573.
181
Calculate the highest common factor of 3003 and 325.
13
Calculate the highest common factor of 405 and 1216755.
135
Calculate the highest common factor of 5176 and 704.
8
Calculate the greatest common factor of 128 and 208256.
128
What is the highest common factor of 1367948 and 460?
92
Calculate the greatest common factor of 23250 and 570.
30
Calculate the highest common divisor of 1120 and 974260.
140
Calculate the highest common factor of 1015 and 1970.
5
Calculate the highest common factor of 2837638 and 388.
194
Calculate the highest common factor of 2145145 and 85.
85
What is the greatest common divisor of 69 and 198191?
23
Calculate the highest common factor of 3924 and 242307.
981
What is the highest common factor of 20575 and 40?
5
Calculate the greatest common divisor of 43309 and 322.
161
Calculate the highest common factor of 8613 and 1305.
261
What is the highest common divisor of 194184 and 558?
558
What is the highest common factor of 1386 and 321?
3
What is the highest common factor of 95 and 85519?
19
What is the greatest common divisor of 3052 and 6322?
218
Calculate the greatest common divisor of 5715 and 244475.
635
Calculate the greatest common divisor of 32476 and 828.
92
Calculate the highest common factor of 40 and 29620.
20
What is the highest common divisor of 280 and 13930?
70
What is the highest common divisor of 6868340 and 68?
68
What is the greatest common divisor of 608 and 1310696?
152
Calculate the greatest common factor of 605500 and 5425.
175
What is the greatest common factor of 25675 and 19825?
325
Calculate the greatest common divisor of 855 and 64695.
285
What is the highest common factor of 9070 and 2110?
10
Calculate the highest common divisor of 213312 and 132.
132
Calculate the greatest common factor of 561243 and 12.
3
Calculate the highest common divisor of 672 and 1393.
7
What is the highest common factor of 2085 and 255?
15
Calculate the highest common divisor of 120 and 27150.
30
What is the greatest common divisor of 7360 and 26?
2
Calculate the highest common divisor of 4653397 and 7.
7
What is the greatest common factor of 26 and 4118010?
26
What is the greatest common factor of 25697 and 147?
7
Calculate the greatest common factor of 27918 and 44.
22
What is the highest common factor of 1809351 and 513?
513
What is the greatest common factor of 3605974 and 709?
709
Calculate the highest common divisor of 1395 and 285.
15
What is the greatest common divisor of 8490 and 39?
3
What is the highest common factor of 3230 and 2533?
17
What is the greatest common divisor of 2786 and 84?
14
Calculate the highest common factor of 359 and 6301168.
359
What is the highest common divisor of 81 and 7965?
27
Calculate the highest common divisor of 918 and 23454.
18
Calculate the highest common divisor of 3149323 and 163.
163
Calculate the highest common factor of 1672 and 7656.
88
What is the highest common factor of 10830 and 354502?
722
What is the greatest common divisor of 92 and 490199?
23
What is the highest common factor of 513 and 173565?
171
What is the greatest common divisor of 1460 and 229804?
292
What is the highest common divisor of 996 and 120516?
996
Calculate the highest common divisor of 111460 and 4460.
20
Calculate the highest common divisor of 2171365 and 105.
35
What is the highest common factor of 10195 and 40?
5
What is the greatest common divisor of 1065 and 150378?
213
What is the highest common divisor of 28453 and 925?
37
Calculate the greatest common factor of 9855 and 4050.
135
Calculate the highest common factor of 31899 and 196.
49
What is the greatest common factor of 22025 and 187653?
881
Calculate the greatest common divisor of 181062 and 1890.
378
Calcul